-3).
5
Let h(n) = -5*n**3 + n**2 - 5*n + 3. Let q(k) = 4*k**3 - 2*k**2 + 5*k - 3. Let z(o) = -3*h(o) - 4*q(o). Calculate z(3).
6
Let h(o) = -o**2 + 10*o - 3. Suppose -8 = 13*d - 60. What is h(d)?
21
Let r(g) = g**2 + g - 1. Suppose 3*a = 8*a - 10. Suppose -a*u + 4*i + 16 = 0, i + i + 4 = 3*u. What is r(u)?
1
Let r(l) be the second derivative of -l**6/360 - l**5/120 + l**4/12 - l**3/6 - 3*l. Let c(f) be the second derivative of r(f). Calculate c(-2).
0
Let t = 5 - 7. Let l(a) = -a**2 - 2*a. What is l(t)?
0
Let b(z) = 13*z + 7. Let r(p) = -8*p - 4. Let u(h) = -3*b(h) - 5*r(h). Let j(c) = -c**2 + 5*c + 2. Let s be j(5). Give u(s).
1
Let l(q) = q**3 + q**2 - q + 4. Let t = -39 + 39. Calculate l(t).
4
Let l(p) = -12*p - 3 + 26*p - 10*p. Let k be (-1)/3 + (-7)/(-3). Give l(k).
5
Let l(q) = -q**2 + 9*q**2 + 0*q**2 + q. Let m = 15 + -11. Let c be 7/(-14) + 6/m. Calculate l(c).
9
Let h(t) be the first derivative of t**2/2 - 11*t - 4. Give h(6).
-5
Let f(h) = -h**3 + 8*h**2 - 6*h - 7. Let k be f(7). Suppose 3*o - 2*z = -2 - k, -4*z + 20 = 2*o. Let j be (-1 + -3 + 4)/o. Let q(w) = w + 3. Determine q(j).
3
Suppose 0 = -0*s - 4*s. Let y be -2*(-1)/(-2) - s. Let t(c) = 6*c. Calculate t(y).
-6
Let g = -77 + 77. Let v(u) be the second derivative of 1/3*u**3 + 2*u - 3/2*u**2 + g. Calculate v(-3).
-9
Let k(v) = -1 + 2 + 2*v + 8*v - 17*v. What is k(1)?
-6
Suppose 0 = 4*x - x + 15. Let i(u) = -u - 3. Calculate i(x).
2
Let o(z) = -127 + 4*z - 2*z + 121. What is o(5)?
4
Suppose 11*r - 28 = 15*r. Let d(w) = -w**3 - 6*w**2 + 8*w + 4. Give d(r).
-3
Let y(h) = -14*h + 30 + 24 - 78 + 25. What is y(1)?
-13
Let x(n) = n + 9. Let w(r) = -r**2 + 3*r - 2. Let d be w(3). Let v be (4/5)/d*5. Let t be (v - 2) + -3 + 2. Calculate x(t).
4
Let f = 73 + -73. Let i(j) = -j**3 + j**2 + 6. What is i(f)?
6
Let u be (9/(-6))/((-6)/8). Let g(b) = 2*b + 10 - b + 0*b**3 + b**3 + b**u. Determine g(0).
10
Let x(l) = -5*l**3 + 8*l**2 + 8*l + 5. Let h(r) = 9*r**3 - 15*r**2 - 15*r - 9. Let v(o) = 4*h(o) + 7*x(o). What is v(5)?
4
Let a = 20 + -23. Let t(y) = -y**3 - 3*y**2 + 1. Determine t(a).
1
Let b be 6 + 2*(-2)/4. Let p be ((-6)/10)/(7/(-35)). Let z(s) = -2*s + s + 0*s + p + 2. Give z(b).
0
Let z(y) = 2*y**2. Let j be (-2 - (4 + -3))*-1. Suppose 6 = -j*t - 2*k - 0, -5*t - 5*k = 10. Determine z(t).
8
Let t(d) = 7 + 62*d - 32*d - 33*d. Determine t(7).
-14
Let g(z) = 6*z + z + z**2 + 6 - z. Calculate g(-5).
1
Let x(n) = -2*n**2 + 15*n - 10. Let s(q) = -q**2 + 7*q - 5. Suppose 0 = w + b - 4 - 2, 5*b + 30 = 5*w. Let l(i) = w*x(i) - 13*s(i). Calculate l(0).
5
Let n(q) = 20*q**2 + 2*q**3 - q**3 + 2 - 20*q**2 - q. What is n(-2)?
-4
Let y(q) = q**3 + 7*q**2 + 5*q - 3. Suppose -4*h - 4 = 4*x, 2*x + 4*h + 8 = -0*x. Let u(r) = -4*r**2 - r + r**x + 2*r**2. Let n(c) = 2*u(c) + y(c). Give n(-3).
6
Let n(z) = z**3 + 3*z**2 - 4*z + 2. Let v = 7 - 9. Let s be (v - -2) + 2*-2. What is n(s)?
2
Let l(w) = 5 - 9*w + 0 - 5*w. Let s(t) = -9*t + 3. Let j(d) = -5*l(d) + 8*s(d). Calculate j(4).
-9
Let y(g) = -g**2 + 8*g - 8. Let t be 1 + -2 + 2 + -11. Let o = -14 + 30. Let c = t + o. What is y(c)?
4
Let h = 39 - 40. Let g(o) = -6*o. What is g(h)?
6
Let q = -11 - -16. Suppose -1 - 14 = -q*m. Let u(p) = -5 + m + p**3 - p - 2. Determine u(0).
-4
Let d(f) = 2*f + 3*f**2 - 1 - 2*f**2 + 0*f**2. Let r(c) = c**3 + 8*c**2 + 8*c + 5. Let m be r(-7). What is d(m)?
-1
Let y(t) be the third derivative of 0*t + 0 - 1/24*t**4 + t**2 + 0*t**3. Give y(3).
-3
Let r(k) = k**3 + 7*k**2 + 5*k - 2. Let y be r(-6). Suppose l + 2*t = 3*t + y, 3*t = 3. Let i(a) = a - 1. What is i(l)?
4
Let v(c) = -c**2 - 5*c + 7. Let s(u) = -3*u**2 - 9*u + 14. Let h(t) = -2*s(t) + 5*v(t). Calculate h(5).
-3
Let o(b) = b**2 - 5*b + 7. Let y(u) = -5*u**3. Let z be y(-1). Calculate o(z).
7
Let r(k) = -k**3 + 4*k**2 + 2*k. Let q(v) = -v**2 + 6*v - 4. Let p be q(4). What is r(p)?
8
Let w be 1/((-2 + 1)/(-1)). Let p(f) = 3*f. Let u(l) = -56*l. Let c(o) = -77*p(o) - 4*u(o). What is c(w)?
-7
Suppose 13*g - 16*g + 3 = 0. Let o(w) = -w. Let v(k) = -7*k - 1. Let u(c) = -6*o(c) - v(c). Give u(g).
14
Let h(g) = -g - 11. Let p(l) = l**2 - 2. Let j be p(2). Let z be (-4 + 4)/(4 - j). Give h(z).
-11
Let g = -4 + 6. Suppose 2*z = g + 2. Suppose 0 = -3*j - z*j. Let n(x) = x - 2. What is n(j)?
-2
Let v be (-1)/((-2)/4*1). Let d(a) = 2*a + 5*a**2 - 4*a + v*a**2 + 3 - a**3 - 3*a**2. Calculate d(4).
-5
Let h(n) = -n**2 - 5*n + 10. Let j(r) = r + 10. Let x be j(0). Let s = x - 17. What is h(s)?
-4
Let k(m) be the third derivative of -m**5/60 + 7*m**4/24 + m**3/3 + m**2. Give k(4).
14
Suppose -31 = -5*m + l, 19 + 4 = m + 4*l. Let x(u) = 1. Let r(t) = t - 12. Let b(n) = r(n) + 3*x(n). Give b(m).
-2
Let l(r) = -r**2 + 5*r + 1. Let t(a) = -a**2 + a + 3. Let f be t(0). Suppose 4*o - 8 = -4*j, f*o + 24 = 3*j - 0*o. Determine l(j).
1
Let k(x) = -27*x**3 - 5*x**2 + 13*x**3 + 5*x - 7 + 13*x**3. Give k(-6).
-1
Let z(y) be the first derivative of y**2/2 + 3*y + 6. Determine z(-5).
-2
Let c be ((-4)/(-1))/(13/(-26)). Let v be -2*(20/c + 2). Let m(p) = 3*p**3 - p**2 + 2*p - 1. What is m(v)?
3
Let z = -122 + 120. Let s(b) = b**3 + 4*b**2 + 4*b + 3. Determine s(z).
3
Let i(x) = x**3 + x**2 + 4. Let n be i(0). Let j(b) = 4*b - 6*b - 5*b**2 + 1 + b**3 + b**2. What is j(n)?
-7
Let v(x) = x + 4. Suppose -5*n = -2*n. Calculate v(n).
4
Let p(j) = -j - 2. Let s be (-1)/3*(0 + 6). Let n be 0 + s - (-4 + 2). Calculate p(n).
-2
Suppose 2*f + 3*f + 5 = -5*t, -5*f - 3*t = 5. Let x = 1 - f. Let a(p) be the second derivative of -p**5/10 + p**4/4 + p**3/6 - p**2 + 6*p. Determine a(x).
-4
Let v(c) = -3*c + 1. Let b(g) = g**3 + 5*g**2 - 5*g - 3. Let l be b(-6). Let s = -7 - l. What is v(s)?
-5
Let d(i) = -i**2 - 8*i - 6. Let x be (-17 - -1)/(0 + 1). Let q(t) = -t**3 + 5*t**2 - t - 2. Let k be q(4). Let s = x + k. Give d(s).
6
Let x(z) = z**2 + 5*z + 5. Suppose 4*s = -h - 1, 45 = -4*h - 2*s + 13. Let b be 3/h + 4/(-6). Let f be (-2)/(-6)*15/b. Calculate x(f).
5
Let g(x) = 1. Let c = -2 + 4. Suppose 2*w - 13 = -a + 9, -c*a + 38 = w. Let j(k) = -2*k - 9. Let r(m) = a*g(m) + 2*j(m). Determine r(-1).
4
Let h(j) be the first derivative of -j**4/4 + 7*j**3/3 + 1. Let l be h(7). Let g(m) = m**3 + 1 + 2*m**2 + 0*m**3 - 11 - 3*m**2. Give g(l).
-10
Let c(n) be the first derivative of 1/2*n**2 + 8 - 5*n. Give c(5).
0
Let g(f) = -f**2 + 5*f. Let d be g(6). Let s = 8 + d. Let j(z) = -3*z. Determine j(s).
-6
Let p(g) = g**2 + 5*g - 6. Let j(x) = -4*x**2 - 1. Suppose 6*s - 12 = 2*s. Let k be (1/s)/(3/9). Let h be j(k). Calculate p(h).
-6
Suppose 0 = 5*l + 2*z - 20, -3*l = -l - 2*z + 6. Suppose -6 = l*u + u. Let x(c) be the third derivative of c**4/24 + c**3/6 - 2*c**2. What is x(u)?
-1
Let q(a) = -20*a**3 - 15*a**2 - 17*a - 18. Let g(y) = -7*y**3 - 5*y**2 - 6*y - 6. Let b(r) = -17*g(r) + 6*q(r). Give b(-5).
-6
Let h(u) = u**3 - u**2 + u + 5. Suppose 2*o - 22 + 8 = 0. Let f(r) = 0*r - r - o + 2. Let s be f(-5). Give h(s).
5
Let m(w) = -18 + 36 - 7 - w. Calculate m(0).
11
Let r(b) = b**2 - b - 1. Let g(u) = u**2 - 2*u - 2. Let a(l) = -2*g(l) + 5*r(l). Let w(v) = v - 9. Let h = 29 - 18. Let m be w(h). Calculate a(m).
9
Let f be (-4)/(-10) + 23/5. Let v(b) = -b**2 - 4*b + 6*b - b + f + b**3. Calculate v(0).
5
Suppose c + 5*g = -2, 4*c - 4*g + 11 = 9*c. Let h(p) = p**3 - 4*p**2 + 2*p - 1. Give h(c).
-4
Suppose 3*p - 2 = 2*p. Let o(s) = -3*s - 1. Let d(u) = -2*u - 3. Let h(j) = j. Let l(r) = d(r) - 5*h(r). Let b(n) = 2*l(n) - 5*o(n). Calculate b(p).
1
Suppose -2*o - 2*q - 18 = 0, -o + q = -0*o + 1. Let k(u) = -5*u - 2. Let z(f) = -4*f - 3. Let p(j) = o*k(j) + 6*z(j). Give p(6).
-2
Let w be 0 - 6/((-6)/2). Let l be (8/10)/(w/(-10)). Let d(o) = -o**3 - 4*o**2 + o. What is d(l)?
-4
Let a = 1 + 1. Let z = 6 - a. Let y(v) = 2*v - 3. Calculate y(z).
5
Let y(k) be the second derivative of k**5/20 + k**4/2 - k**3/3 - 4*k**2 - 22*k - 2. What is y(-6)?
4
Let i(k) = k**3 - 5*k**2 - 5*k + 1. Suppose -r = 8 - 14. What is i(r)?
7
Let c(d) = -2*d**3 - 5*d**2 + 17*d + 14. Let z = -3 - -8. Let x(i) = -i**3 - 3*i**2 + 8*i + 7. Let v(k) = z*x(k) - 2*c(k). Determine v(-6).
7
Let k(a) = a**2 - 7*a + 2. Let s(b) = 2*b**2 - 14*b + 3. Let u(p) = 7*k(p) - 3*s(p). Let z be ((-24)/(-28))/(7/49). Determine u(z).
-1
Let h(a) = -a**2 - 2 - a + 2. Let l be h(-